er?
False
Suppose 0 = -a - 0*a - 5*l + 275, -l = -3*a + 793. Suppose 5*f + a = 10*f. Is f composite?
False
Let f(k) = k - 3. Let y be f(7). Let i(m) = -2 + 3*m + 4*m + y*m**2 - 2. Is i(5) composite?
False
Suppose -3*y = -0*c - 2*c - 10, -4*c = 3*y + 2. Suppose 0 = -y*b + 7*b - 835. Is b composite?
False
Let u = 24 + -13. Let j = 3 - u. Let a = j - -23. Is a a composite number?
True
Let h(f) = -f**3 + 6*f**2 + f - 2. Let a be h(6). Suppose -139 = -c - 2*l, l = -a*c + 2*c + 269. Is c prime?
False
Let o(y) = 43*y**3 + y**2 - 2*y - 2. Let m(f) = -42*f**3 + 2*f + 1. Let j(w) = -3*m(w) - 2*o(w). Is j(2) a composite number?
True
Let s = -5 - -13. Let n = -5 + s. Suppose 4*a = -5*m + 148, 3*a + 5*m - n*m = 111. Is a composite?
False
Let x = 4 + -1. Suppose -x*q + 3*b + 3 = 0, -4*q + 7 = 3*b + 3. Let v = 30 + q. Is v a composite number?
False
Let k = 195 + -76. Is k prime?
False
Suppose 3*q - 14 = -g, -g - 3 = -5*q - 9. Let y = 33 - g. Is y a composite number?
True
Suppose -12*g + 1196 + 736 = 0. Is g a prime number?
False
Suppose 5*z - 781 = -4*w, 3*w = -2*z - 3*z + 587. Let k = w - 75. Is k composite?
True
Let i(d) = 7*d**2 + 2*d - 4. Suppose 3*q - 6 = 5*q. Is i(q) composite?
False
Let a = -393 - -788. Is a a composite number?
True
Let t(l) = 4*l**2 - 8*l. Let u be t(6). Let x = -17 + u. Is x a prime number?
True
Suppose -2*d = d - 819. Let a = -4 - -8. Suppose -2*u - 3*b + d = u, a*u - 2*b = 364. Is u a composite number?
True
Let i be ((-50)/35)/((-2)/14). Suppose -4 = -4*t - q, t + 0*t + i = -3*q. Suppose -5*d - 3*v + 35 = -8*v, -5*v = -t*d + 29. Is d a composite number?
False
Let j(s) = -s**3 + s**2 + 3. Let n be (-5)/5 + 0 + 1. Let k be j(n). Let r = 12 - k. Is r prime?
False
Let x be -1 + 104 + -1 + 3. Let r(q) = -11*q + 9*q + x*q - 1. Is r(2) a prime number?
False
Suppose 3*d - 1833 = 2250. Is d a prime number?
True
Suppose -1 = -v - 0. Suppose -2*j = v - 139. Is j a composite number?
True
Suppose 4 = 2*p - 4. Suppose p*z = -v + 1072, -3*z + 2*z = 2*v - 275. Is z a prime number?
False
Let n(c) = 2*c**3 - 20*c**2 + 26*c - 15. Is n(13) prime?
False
Suppose -66 = -j + 3*j. Let v = 55 + j. Suppose 3*a + v = 4*a. Is a a composite number?
True
Let s be (-3)/12*-2*-4. Let v = s - -4. Suppose 5*k = -v*m + 103, 4*m - m + 2*k - 171 = 0. Is m composite?
False
Let b be (3/(-2))/((-5)/10). Suppose -b*v = -r - 377, 0 = -0*v - 3*v + 5*r + 361. Is v a prime number?
True
Is ((-3064)/(-2) - 1)*7/7 composite?
False
Let t(f) = 96*f - 7. Is t(11) composite?
False
Let s(c) = 7*c**2 + c + 1. Is s(3) composite?
False
Let a(z) = -z**3 - 11*z**2 - 12*z - 15. Let g be a(-10). Suppose g*x + 7 = 22. Suppose -19 = -x*w + 56. Is w composite?
True
Is 1/(-1*1/(-22)) a composite number?
True
Suppose v - 10 = -5*j, 3*v - 5*j = 2*v - 20. Let k be v/(-15) - 809/(-3). Suppose 75 - k = -5*s. Is s prime?
False
Suppose -4*d + 299 = -1017. Is d prime?
False
Let n be (3 - (0 + 2)) + -2. Is (n/(-2))/(1/30) prime?
False
Suppose -5*i - 3*t + 24 = -i, -5*t = -i + 6. Let z = i + 49. Is z a composite number?
True
Is 1 + 2210/((-15)/(-3)) composite?
False
Let m = 8 - 5. Is 806/m + 2/6 a composite number?
False
Let z = 6 + -5. Suppose -2*f - 21 = -z. Let p = 33 + f. Is p a composite number?
False
Let s = -4 + 7. Suppose -2*b + 63 = -s*b. Is (-1)/((5 + -2)/b) prime?
False
Suppose -a = 4*a - 2425. Let h = 724 - a. Is h a prime number?
True
Is ((-6)/(-10))/(8/2680) a composite number?
True
Let f(l) = 0*l**3 - 2*l**3 + 3 - l - 5*l**2 + 0*l. Suppose -t = -0*t - 3*y - 2, -18 = 5*t - y. Is f(t) a prime number?
False
Let n be (-38)/57 + 95/3. Suppose -3*h - 286 = 2*a, 2*a = h + a + 97. Let j = n - h. Is j composite?
False
Suppose -a + 71 - 16 = 0. Is a composite?
True
Suppose -1170 + 51 = -3*q. Is q a prime number?
True
Let c = 2110 - -909. Is c prime?
True
Let y be (36/(-3))/(1 + (-7)/9). Let z(p) = -44*p + 1. Let v be z(3). Let d = y - v. Is d a prime number?
False
Let w be 10 - (-1)/2*-4. Let u = 11 - w. Suppose -u*c + 39 = 2*s - 17, -4*c + 58 = 2*s. Is s a composite number?
True
Let f = -9 + 11. Suppose -2*s + 486 = 5*o, f*s + 2*o = 8 + 466. Is s a prime number?
True
Let s be 334/6 + (-3)/(-9). Suppose 2*o - s = 12. Is o prime?
False
Suppose 2 = -2*p, 546 = 3*g - 2*p - 233. Is g composite?
True
Let p(o) = -2*o**3 - 8*o**2 - 4*o - 5. Let a(r) = r**3 - r**2 - r + 1. Let i(x) = -a(x) - p(x). Suppose 4*n - h = -33, -3*n - 29 = -5*h + 17. Is i(n) composite?
False
Suppose -4*m + 5*m - 16 = 0. Suppose i + 631 = 6*i + x, 0 = -4*x - m. Is i composite?
False
Suppose -7*v - 32 = -11*v. Suppose 3*y + 3785 = v*y. Is y a composite number?
False
Let v(y) = 11*y + 10. Let w be v(10). Let p = -83 + w. Is p a prime number?
True
Let h(x) = x**3 + 4*x**2 + 2*x - 1. Let d be h(-3). Let v(b) be the second derivative of 11*b**4/6 + b**3/2 - b**2/2 + b. Is v(d) prime?
False
Let u be (-28)/(-16) + (-1)/(-4). Suppose -6*j + u*j = 0. Suppose -77 = -j*o - o. Is o composite?
True
Let m = 2 - 1. Let v be 1*6 + m*-2. Suppose 2 = -v*q + 26. Is q a composite number?
True
Suppose 3*x - 1260 = -t, -2154 - 4198 = -5*t - 2*x. Suppose -3*b - 3*c + t = 0, 4*b - 1173 - 518 = -3*c. Is b a prime number?
True
Suppose -d + 5 = 0, 5*d + 159 = y + y. Is (y/(-6))/((-4)/6) composite?
False
Suppose 0*w + 3*w = 12. Suppose 0 = -w*x + x - 84. Let r = x + 42. Is r composite?
True
Suppose 78*f = 73*f + 11665. Is f composite?
False
Let y(m) = 680*m**2 - 2*m - 1. Is y(-1) a composite number?
True
Let v be (3 + -7)/(0 + -2). Suppose -c - v*a = -31, -3*a - 37 = -2*c + 46. Suppose 0*i + c = i. Is i a prime number?
True
Suppose 3*k + d - 7 = 3*d, -15 = k - 5*d. Suppose 0 = -k*a - 4*g + 6, 3*a - a - 2 = -2*g. Suppose 4*l - 310 = a*l. Is l prime?
False
Suppose 2*h + 0*h = 66. Suppose 3*d - 2*c = -841, 5*c + 8 = h. Is (-20)/(-90) - d/9 a composite number?
False
Let h(p) = -4*p - 5. Suppose 30 = 5*s + 5. Suppose 31 = -s*f - k, -3*k + 3 = -3*f + 2*f. Is h(f) a composite number?
False
Suppose q - 596 = -3*q. Is q composite?
False
Let c be (-16)/6*3*(-1)/(-2). Let b(g) = 2*g - 6. Let w be b(6). Is ((-2)/c)/(w/156) composite?
False
Let i be (-6)/2 - (-2 + -135). Is i/8*(0 - -12) a composite number?
True
Suppose 0*f + 187 = f. Is f a composite number?
True
Suppose 6*b - 3*b = 24. Is -26*((-68)/b)/1 composite?
True
Let j = 0 + 3. Suppose 3*l = 5*l - 8. Suppose -j*v = -l*v + 4. Is v prime?
False
Suppose -5*p + 542 = 3*c, 2*c = -p + 3*c + 110. Is p a prime number?
True
Suppose -9 = -3*s - 21. Let v(j) = -j + 6. Let p be v(5). Is p/((s/(-26))/2) prime?
True
Let n be (0 + 1)/(3/12). Is 226/(3 - (n + -3)) a prime number?
True
Let z(r) = -2*r - 2. Let h be z(-3). Suppose 0 = 4*c + 3*p + 6, 3*c - h*c = 2*p + 4. Suppose 2*n - 156 = -t - c*t, t + 4*n - 146 = 0. Is t composite?
True
Suppose d + 3*c = -3*d, 5*d = 2*c - 23. Let z = 3 + 0. Is ((-1)/z)/(d/477) a prime number?
True
Let w(z) be the third derivative of z**5/12 - 7*z**4/24 + z**3/2 - z**2. Let x(o) = -5*o**2 + 8*o - 3. Let h(n) = 4*w(n) + 3*x(n). Is h(2) prime?
False
Let j be 26/(-3 + 123/39). Suppose 5*u + 2*z = j, 6*z - 5*z - 101 = -3*u. Is u prime?
False
Suppose 0 = 3*o + 147 - 1188. Is o a composite number?
False
Let t(j) = 32*j - 2. Is t(14) prime?
False
Suppose -1 = m + 3. Let i = 11 - m. Is i prime?
False
Is 1 - 2*104/(-1) prime?
False
Let m(i) = i**2 - i - 1. Let x(q) = 11*q**2 - 2*q - 10. Let v(h) = -5*m(h) + x(h). Is v(-4) a prime number?
True
Let q = -1737 + 3208. Is q a composite number?
False
Let n = -8 + 8. Suppose -2*y + 134 = -n*y. Is y prime?
True
Suppose -2*p = 2*p - 40. Suppose 4*c - p = 2. Is c/(-4) + (-95)/(-4) composite?
False
Suppose 0 = 4*h + 9*h - 15223. Is h a prime number?
True
Suppose 0 = 2*x - 5*x - 402. Let z be 10/(-4)*(2 - -32). Let r = z - x. Is r composite?
True
Let j(u) = 89*u**2 - 3*u - 1. Suppose -5*d + 7 + 8 = 0. Is j(d) a composite number?
True
Let r(m) = -83*m**3 + m. Let f be -3 - (-3 - 2) - 3. Is r(f) composite?
True
Let h(d) = 2*d**3 + 5*d**2 - 3*d - 7. Is h(5) a composite number?
False
Is ((-3789)/6 - -2)/(6/(-12)) prime?
True
Suppose -6 + 0 = -c. Let a = 9 - c. Suppose h - 17 = -3*q, h - 36 = -a*h + 4*q. Is h composite?
False
Suppose -4*l + 3*c + 2 = -2*c, -2*l - 5*c + 16 = 0. Let r = l - 4. Let v(w) = -85*w**3 - w**2 + 1. Is v(r) a composite number?
True
Let y = 0 + 